r of 160 and 153376?
32
Calculate the greatest common factor of 1028976 and 91.
13
What is the greatest common divisor of 15 and 8664?
3
What is the highest common divisor of 390448 and 23?
23
What is the greatest common divisor of 8358 and 392?
14
Calculate the highest common factor of 26620 and 154.
22
Calculate the greatest common divisor of 65500 and 25.
25
What is the greatest common factor of 924 and 8646?
66
What is the greatest common factor of 195832 and 112?
56
What is the greatest common factor of 475 and 121505?
95
Calculate the greatest common factor of 982371 and 39.
39
Calculate the greatest common factor of 1296 and 76128.
48
Calculate the greatest common divisor of 290 and 1670.
10
Calculate the greatest common factor of 59316 and 72.
12
What is the highest common factor of 153 and 43231?
17
Calculate the highest common divisor of 475 and 3971.
19
Calculate the greatest common factor of 16 and 25408.
16
What is the greatest common factor of 1125 and 79047?
9
What is the greatest common factor of 1996 and 2?
2
Calculate the highest common divisor of 687 and 15572.
229
What is the greatest common divisor of 108 and 5208?
12
What is the greatest common divisor of 3173 and 513?
19
Calculate the highest common divisor of 118535 and 15251.
151
Calculate the highest common divisor of 6058540 and 40.
20
What is the highest common divisor of 3237 and 1027623?
249
Calculate the highest common factor of 228 and 13737.
57
What is the greatest common divisor of 98 and 34426?
14
What is the highest common factor of 318 and 12796638?
318
What is the highest common divisor of 8401 and 744?
31
Calculate the greatest common divisor of 20 and 64210.
10
What is the greatest common factor of 42 and 767200?
14
Calculate the greatest common divisor of 261632 and 112.
112
Calculate the greatest common factor of 36181 and 373.
373
What is the highest common divisor of 947315 and 5?
5
What is the highest common factor of 837 and 1402347?
93
What is the greatest common factor of 55 and 3364295?
55
Calculate the highest common divisor of 1314 and 2556.
18
Calculate the highest common divisor of 153 and 672741.
153
Calculate the highest common divisor of 330214 and 164.
82
What is the greatest common factor of 1692 and 99358?
94
Calculate the greatest common factor of 1200 and 43905.
15
Calculate the greatest common factor of 488 and 2458666.
122
What is the highest common divisor of 4285 and 2060?
5
Calculate the greatest common factor of 318 and 19563.
3
What is the greatest common divisor of 633141 and 927?
927
Calculate the greatest common divisor of 65 and 3976141.
13
Calculate the highest common divisor of 4439648 and 64.
32
What is the greatest common factor of 4972 and 187?
11
Calculate the greatest common factor of 4053 and 55777.
193
What is the greatest common divisor of 19138 and 126?
14
Calculate the greatest common factor of 33 and 429297.
33
What is the highest common divisor of 285334 and 8099?
623
Calculate the highest common factor of 321 and 3.
3
What is the highest common divisor of 43725 and 3795?
165
What is the greatest common divisor of 92718 and 11475?
459
Calculate the greatest common divisor of 1161006 and 231.
231
What is the greatest common divisor of 4530 and 6244605?
2265
Calculate the greatest common divisor of 125960 and 10105.
235
What is the highest common divisor of 376 and 64578?
94
Calculate the greatest common divisor of 392 and 3512.
8
Calculate the highest common factor of 46578 and 686.
14
Calculate the greatest common factor of 660076 and 6936.
1156
What is the greatest common factor of 8033 and 319?
29
What is the highest common divisor of 328 and 1688?
8
What is the highest common factor of 1168 and 55232?
16
Calculate the highest common factor of 31005 and 90675.
585
Calculate the highest common factor of 351436 and 3296.
412
Calculate the highest common factor of 6330814 and 28.
14
What is the highest common factor of 2800 and 59675?
175
What is the highest common factor of 77765 and 1339?
103
Calculate the highest common factor of 19953 and 675.
27
What is the highest common divisor of 1443 and 4992?
39
Calculate the highest common divisor of 29139 and 99.
33
What is the greatest common factor of 11010 and 150?
30
What is the greatest common factor of 2016 and 7?
7
What is the greatest common factor of 375 and 6735?
15
What is the greatest common factor of 30975 and 4200?
525
Calculate the highest common divisor of 72 and 13128.
24
Calculate the greatest common divisor of 126380 and 3266.
142
Calculate the highest common divisor of 452180 and 160.
20
Calculate the highest common factor of 387868 and 52.
52
Calculate the highest common divisor of 4110960 and 3360.
1680
What is the greatest common factor of 1975127 and 5537?
791
What is the greatest common factor of 40399 and 2845?
569
Calculate the highest common factor of 9216 and 3888.
144
Calculate the highest common divisor of 1490473 and 451.
41
Calculate the highest common divisor of 245 and 12435.
5
Calculate the highest common divisor of 1 and 31981.
1
Calculate the highest common divisor of 704 and 377960.
88
What is the greatest common divisor of 48825 and 5103?
63
Calculate the greatest common factor of 2430 and 1755.
135
Calculate the highest common factor of 135 and 94935.
15
Calculate the highest common factor of 1656525 and 975.
975
Calculate the highest common divisor of 418 and 43758.
22
What is the highest common factor of 135 and 2242410?
15
What is the highest common factor of 264 and 2116488?
264
What is the greatest common factor of 14 and 3326498?
14
What is the highest common factor of 3136 and 35476?
196
What is the greatest common factor of 25150 and 200?
50
Calculate the highest common divisor of 16272 and 216.
72
Calculate the greatest common divisor of 15110 and 650.
10
What is the greatest common divisor of 178033 and 62?
31
Calculate the greatest common factor of 4805781 and 723.
723
What is the greatest common factor of 770 and 5460?
70
Calculate the greatest common divisor of 4012 and 125392.
68
What is the greatest common factor of 1322560 and 45?
5
What is the highest common factor of 23113 and 58?
29
Calculate the highest common divisor of 155199 and 55.
11
What is the greatest common divisor of 48901 and 187557?
619
Calculate the highest common factor of 2076 and 1552156.
692
Calculate the greatest common factor of 99714 and 6.
6
What is the highest common divisor of 174642 and 15?
3
Calculate the highest common factor of 6835287 and 3.
3
Calculate the greatest common factor of 23220 and 13770.
270
Calculate the greatest common divisor of 133376 and 80.
16
Calculate the greatest common divisor of 15871 and 944.
59
Calculate the highest common divisor of 3645 and 55.
5
What is the greatest common factor of 2750390 and 20?
10
What is the greatest common factor of 301725 and 100?
25
Calculate the greatest common divisor of 27317 and 413.
59
Calculate the greatest common divisor of 139113 and 116.
29
Calculate the greatest common divisor of 247 and 34200.
19
What is the highest common divisor of 144 and 10160?
16
What is the greatest common factor of 4408 and 71398?
58
Calculate the highest common divisor of 26818 and 1012.
506
Calculate the greatest common factor of 11004 and 613473.
2751
Calculate the highest common divisor of 21250 and 442.
34
What is the highest common divisor of 412 and 52221?
103
What is the highest common factor of 279162 and 234?
234
What is the highest common divisor of 1248 and 3081?
39
What is the greatest common factor of 372164 and 20208?
1684
What is the highest common factor of 642 and 1014?
6
What is the greatest common factor of 48 and 2249292?
12
What is the highest common divisor of 13124 and 3196?
68
What is the highest common divisor of 1809 and 297?
27
Calculate the highest common factor of 150276 and 1428.
84
What is the highest common divisor of 6232 and 12084?
76
Calculate the highest common divisor of 48 and 602808.
24
Calculate the highest common divisor of 18584881 and 329.
329
Calculate the greatest common factor of 6240 and 600.
120
What is the highest common divisor of 8075 and 51?
17
What is the highest common factor of 55887 and 195?
39
What is the highest common divisor o